ime factors of 377035?
5, 75407
List the prime factors of 7273701.
3, 61, 13249
List the prime factors of 6117266.
2, 43, 83, 857
List the prime factors of 313732.
2, 41, 1913
List the prime factors of 785084.
2, 196271
What are the prime factors of 2385538?
2, 37, 32237
What are the prime factors of 5879136?
2, 3, 47, 1303
List the prime factors of 17171389.
17171389
List the prime factors of 139359.
3, 11, 41, 103
What are the prime factors of 55331?
55331
What are the prime factors of 19461854?
2, 47, 207041
List the prime factors of 679414.
2, 339707
What are the prime factors of 7632492?
2, 3, 7, 90863
What are the prime factors of 122165?
5, 53, 461
List the prime factors of 173738.
2, 86869
List the prime factors of 886518.
2, 3, 16417
What are the prime factors of 318835?
5, 11, 17, 31
List the prime factors of 59130.
2, 3, 5, 73
List the prime factors of 185836.
2, 7, 6637
What are the prime factors of 16583?
7, 23, 103
What are the prime factors of 7528619?
7, 509, 2113
What are the prime factors of 2284936?
2, 17, 53, 317
List the prime factors of 9045454.
2, 11, 411157
List the prime factors of 17537.
13, 19, 71
What are the prime factors of 74714?
2, 37357
What are the prime factors of 2966433?
3, 379, 2609
List the prime factors of 1398444.
2, 3, 116537
What are the prime factors of 414090?
2, 3, 5, 43, 107
List the prime factors of 724737.
3, 13, 18583
What are the prime factors of 6700908?
2, 3, 337, 1657
List the prime factors of 732008.
2, 37, 2473
List the prime factors of 562637.
47, 11971
List the prime factors of 50753.
50753
What are the prime factors of 3048848?
2, 11, 17, 1019
What are the prime factors of 21765662?
2, 89, 122279
What are the prime factors of 387351?
3, 193, 223
What are the prime factors of 89456?
2, 5591
List the prime factors of 767727.
3, 85303
List the prime factors of 785818.
2, 11, 23, 1553
What are the prime factors of 345436?
2, 7, 13, 73
List the prime factors of 959092.
2, 163, 1471
What are the prime factors of 2996134?
2, 83, 18049
What are the prime factors of 9243546?
2, 3, 13, 17, 6971
What are the prime factors of 5459414?
2, 17, 211, 761
What are the prime factors of 199633?
7, 19, 79
What are the prime factors of 931398?
2, 3, 13, 11941
What are the prime factors of 2860346?
2, 83, 17231
What are the prime factors of 93885?
3, 5, 11, 569
What are the prime factors of 204622?
2, 11, 71, 131
List the prime factors of 372246.
2, 3, 7, 8863
What are the prime factors of 2081330?
2, 5, 29, 7177
List the prime factors of 295195.
5, 43, 1373
What are the prime factors of 12982194?
2, 3, 127, 631
What are the prime factors of 562219?
7, 80317
List the prime factors of 74521.
74521
What are the prime factors of 17779585?
5, 31, 251, 457
List the prime factors of 45145850.
2, 5, 47, 19211
What are the prime factors of 1238623?
709, 1747
List the prime factors of 1317783.
3, 19, 61, 379
List the prime factors of 17171198.
2, 11, 257, 3037
What are the prime factors of 1539554?
2, 17, 45281
List the prime factors of 1956001.
1956001
What are the prime factors of 384620?
2, 5, 19231
What are the prime factors of 309117?
3, 167, 617
List the prime factors of 352765.
5, 7, 10079
What are the prime factors of 3384562?
2, 449, 3769
List the prime factors of 12295880.
2, 5, 307397
List the prime factors of 55989.
3, 6221
What are the prime factors of 2979710?
2, 5, 297971
List the prime factors of 1798250.
2, 5, 7193
List the prime factors of 351723.
3, 117241
What are the prime factors of 8156672?
2, 89, 179
What are the prime factors of 587198?
2, 293599
List the prime factors of 1404278.
2, 702139
What are the prime factors of 359164?
2, 13, 6907
List the prime factors of 186513.
3, 62171
List the prime factors of 3680801.
61, 83, 727
List the prime factors of 1685816.
2, 11, 19157
What are the prime factors of 11746935?
3, 5, 261043
List the prime factors of 13119668.
2, 89, 137, 269
List the prime factors of 10929461.
131, 83431
What are the prime factors of 31020?
2, 3, 5, 11, 47
List the prime factors of 3205817.
1489, 2153
What are the prime factors of 378692?
2, 17, 5569
What are the prime factors of 2297937?
3, 31, 24709
What are the prime factors of 29363949?
3, 19, 171719
List the prime factors of 4183588.
2, 179, 5843
What are the prime factors of 7430748?
2, 3, 13, 19, 23, 109
What are the prime factors of 6207236?
2, 7, 41, 5407
List the prime factors of 1171796.
2, 73, 4013
List the prime factors of 122026.
2, 17, 37, 97
List the prime factors of 12478808.
2, 1559851
What are the prime factors of 9873764?
2, 1277, 1933
List the prime factors of 782868.
2, 3, 65239
What are the prime factors of 3439582?
2, 59, 103, 283
List the prime factors of 195819.
3, 13, 5021
What are the prime factors of 83444?
2, 23, 907
List the prime factors of 677906.
2, 67, 5059
List the prime factors of 4066035.
3, 5, 163, 1663
List the prime factors of 1579741.
101, 15641
What are the prime factors of 12737126?
2, 139, 45817
List the prime factors of 189851.
189851
List the prime factors of 4972090.
2, 5, 31, 43, 373
What are the prime factors of 493020?
2, 3, 5, 11, 83
What are the prime factors of 1331176?
2, 7, 11, 2161
List the prime factors of 897678.
2, 3, 49871
List the prime factors of 507880.
2, 5, 12697
What are the prime factors of 102433?
102433
What are the prime factors of 95609?
67, 1427
List the prime factors of 2885570.
2, 5, 101, 2857
List the prime factors of 27311.
31, 881
What are the prime factors of 9031?
11, 821
List the prime factors of 371725.
5, 14869
What are the prime factors of 79562?
2, 7, 5683
What are the prime factors of 33503?
33503
List the prime factors of 3849118.
2, 7, 13, 21149
What are the prime factors of 254730?
2, 3, 5, 7, 1213
List the prime factors of 14404643.
11, 1309513
What are the prime factors of 3241261?
47, 68963
What are the prime factors of 5065159?
11, 347, 1327
List the prime factors of 9582261.
3, 13, 277, 887
List the prime factors of 1056416.
2, 33013
List the prime factors of 713634.
2, 3, 83, 1433
List the prime factors of 403172.
2, 7, 11, 17
List the prime factors of 139792.
2, 8737
List the prime factors of 138101.
138101
List the prime factors of 1491327.
3, 165703
List the prime factors of 3450193.
97, 35569
What are the prime factors of 1661733?
3, 17, 10861
What are the prime factors of 156540?
2, 3, 5, 2609
What are the prime factors of 5491429?
37, 193, 769
What are the prime factors of 268283?
268283
List the prime factors of 4031744.
2, 15749
List the prime factors of 6528478.
2, 11, 296749
What are the prime factors of 2998110?
2, 3, 5, 37, 73
What are the prime factors of 592265?
5, 118453
List the prime factors of 93237.
3, 31079
What are the prime factors of 21848390?
2, 5, 23, 94993
What are the prime factors of 9183171?
3, 103, 113, 263
List the prime factors of 6207741.
3, 79, 8731
List the prime factors of 1761253.
13, 61, 2221
List the prime factors of 226047.
3, 151, 499
What are the prime factors of 1509673?
11, 71, 1933
List the prime factors of 290933.
107, 2719
List the prime factors of 549838.
2, 23, 11953
What are the prime factors of 38181757?
1373, 27809
What are the prime factors of 20030864?
2, 7, 19, 9413
What are the prime factors of 5992633?
101, 59333
List the prime factors of 162998.
2, 11, 31, 239
What are the prime factors of 10263433?
61, 168253
What are the prime factors of 341487?
3, 19, 1997
What are the prime factors of 393530?
2, 5, 23, 29, 59
What are the prime factors of 1603593?
3, 17, 47, 223
What are the prime factors of 309427?
41, 7547
List the prime factors of 14805113.
17, 870889
What are the prime factors of 151079?
17, 8887
What are the prime factors of 127576?
2, 37, 431
What are the prime factors of 252289?
252289
List the prime factors of 3118315.
5, 349, 1787
List the prime factors of 8385925.
5, 53, 6329
What are the prime factors of 857244?
2, 3, 71437
What are the prime factors of 4043424?
2, 3, 7, 11, 547
List the prime factors of 384435.
3, 5, 8543
List the prime factors of 5424415.
5, 173, 6271
List the prime factors of 1532873.
17, 37, 2437
List the prime factors of 4684945.
5, 17, 55117
List the prime factors of 638691.
3, 212897
What are the prime factors of 19844?
2, 11, 4